{"id":416,"date":"2024-08-06T15:50:50","date_gmt":"2024-08-06T21:50:50","guid":{"rendered":"https:\/\/centrotrilingue.edu.mx\/?page_id=416"},"modified":"2026-03-27T11:59:45","modified_gmt":"2026-03-27T17:59:45","slug":"planes-de-estudio-doctorado","status":"publish","type":"page","link":"https:\/\/centrotrilingue.edu.mx\/planes-de-estudio-doctorado\/","title":{"rendered":"Planes de Estudio-Doctorado"},"content":{"rendered":"\n<div data-wp-interactive=\"core\/file\" class=\"wp-block-file\"><object data-wp-bind--hidden=\"!state.hasPdfPreview\" hidden class=\"wp-block-file__embed\" data=\"https:\/\/centrotrilingue.edu.mx\/wp-content\/uploads\/2024\/12\/Dr.-Administracion-CUT.pdf\" type=\"application\/pdf\" style=\"width:100%;height:600px\" aria-label=\"Incrustado de Dr. Administracion (CUT).\"><\/object><a id=\"wp-block-file--media-29ffa07a-fd7f-42e3-a35a-b5853751705e\" href=\"https:\/\/centrotrilingue.edu.mx\/wp-content\/uploads\/2024\/12\/Dr.-Administracion-CUT.pdf\">Dr. Administracion (CUT)<\/a><a href=\"https:\/\/centrotrilingue.edu.mx\/wp-content\/uploads\/2024\/12\/Dr.-Administracion-CUT.pdf\" class=\"wp-block-file__button wp-element-button\" download aria-describedby=\"wp-block-file--media-29ffa07a-fd7f-42e3-a35a-b5853751705e\">Descarga<\/a><\/div>\n\n\n\n<div data-wp-interactive=\"core\/file\" class=\"wp-block-file\"><object data-wp-bind--hidden=\"!state.hasPdfPreview\" hidden class=\"wp-block-file__embed\" data=\"https:\/\/centrotrilingue.edu.mx\/wp-content\/uploads\/2024\/12\/Dr.-Ciencias-de-la-Educacion-CUT.pdf\" type=\"application\/pdf\" style=\"width:100%;height:600px\" aria-label=\"Incrustado de Dr. Ciencias de la Educaci\u00f3n (CUT).\"><\/object><a id=\"wp-block-file--media-1aeb7578-919f-4213-baa8-46f458e08c2d\" href=\"https:\/\/centrotrilingue.edu.mx\/wp-content\/uploads\/2024\/12\/Dr.-Ciencias-de-la-Educacion-CUT.pdf\">Dr. Ciencias de la Educaci\u00f3n (CUT)<\/a><a href=\"https:\/\/centrotrilingue.edu.mx\/wp-content\/uploads\/2024\/12\/Dr.-Ciencias-de-la-Educacion-CUT.pdf\" class=\"wp-block-file__button wp-element-button\" download aria-describedby=\"wp-block-file--media-1aeb7578-919f-4213-baa8-46f458e08c2d\">Descarga<\/a><\/div>\n\n\n\n<div data-wp-interactive=\"core\/file\" class=\"wp-block-file\"><object data-wp-bind--hidden=\"!state.hasPdfPreview\" hidden class=\"wp-block-file__embed\" data=\"https:\/\/centrotrilingue.edu.mx\/wp-content\/uploads\/2024\/12\/Dr.-Derecho-Constitucional-y-Derechos-Humanos-CUT.pdf\" type=\"application\/pdf\" style=\"width:100%;height:600px\" aria-label=\"Incrustado de Dr. Derecho Constitucional y Derechos Humanos (CUT).\"><\/object><a id=\"wp-block-file--media-115bf64a-57de-429a-af40-473327bd248b\" href=\"https:\/\/centrotrilingue.edu.mx\/wp-content\/uploads\/2024\/12\/Dr.-Derecho-Constitucional-y-Derechos-Humanos-CUT.pdf\">Dr. Derecho Constitucional y Derechos Humanos (CUT)<\/a><a href=\"https:\/\/centrotrilingue.edu.mx\/wp-content\/uploads\/2024\/12\/Dr.-Derecho-Constitucional-y-Derechos-Humanos-CUT.pdf\" class=\"wp-block-file__button wp-element-button\" download aria-describedby=\"wp-block-file--media-115bf64a-57de-429a-af40-473327bd248b\">Descarga<\/a><\/div>\n","protected":false},"excerpt":{"rendered":"","protected":false},"author":3,"featured_media":0,"parent":0,"menu_order":0,"comment_status":"closed","ping_status":"closed","template":"page-templates\/page-left-sidebar.php","meta":{"footnotes":""},"class_list":["post-416","page","type-page","status-publish","hentry"],"yoast_head":"<!-- This site is optimized with the Yoast SEO plugin v27.4 - https:\/\/yoast.com\/product\/yoast-seo-wordpress\/ -->\n<title>Planes de Estudio-Doctorado - CENTRO UNIVERSITARIO TRILINGUE<\/title>\n<meta name=\"description\" content=\"Descubre los Planes de Estudio de Doctorado y adquiere conocimientos avanzados, habilidades de investigaci\u00f3n y especializaci\u00f3n en tu \u00e1rea profesional.\" \/>\n<meta name=\"robots\" content=\"index, follow, max-snippet:-1, max-image-preview:large, max-video-preview:-1\" \/>\n<link rel=\"canonical\" href=\"https:\/\/centrotrilingue.edu.mx\/planes-de-estudio-doctorado\/\" \/>\n<meta property=\"og:locale\" content=\"es_ES\" \/>\n<meta property=\"og:type\" content=\"article\" \/>\n<meta property=\"og:title\" content=\"Planes de Estudio-Doctorado - CENTRO UNIVERSITARIO TRILINGUE\" \/>\n<meta property=\"og:description\" content=\"Descubre los Planes de Estudio de Doctorado y adquiere conocimientos avanzados, habilidades de investigaci\u00f3n y especializaci\u00f3n en tu \u00e1rea profesional.\" \/>\n<meta property=\"og:url\" content=\"https:\/\/centrotrilingue.edu.mx\/planes-de-estudio-doctorado\/\" \/>\n<meta property=\"og:site_name\" content=\"CENTRO UNIVERSITARIO TRILINGUE\" \/>\n<meta property=\"article:publisher\" content=\"https:\/\/www.facebook.com\/centrotrilingue\/\" \/>\n<meta property=\"article:modified_time\" content=\"2026-03-27T17:59:45+00:00\" \/>\n<meta name=\"twitter:card\" content=\"summary_large_image\" \/>\n<meta name=\"twitter:site\" content=\"@CTrilingue\" \/>\n<meta name=\"twitter:label1\" content=\"Tiempo de lectura\" \/>\n\t<meta name=\"twitter:data1\" content=\"1 minuto\" \/>\n<script type=\"application\/ld+json\" class=\"yoast-schema-graph\">{\"@context\":\"https:\\\/\\\/schema.org\",\"@graph\":[{\"@type\":\"WebPage\",\"@id\":\"https:\\\/\\\/centrotrilingue.edu.mx\\\/planes-de-estudio-doctorado\\\/\",\"url\":\"https:\\\/\\\/centrotrilingue.edu.mx\\\/planes-de-estudio-doctorado\\\/\",\"name\":\"Planes de Estudio-Doctorado - CENTRO UNIVERSITARIO TRILINGUE\",\"isPartOf\":{\"@id\":\"https:\\\/\\\/centrotrilingue.edu.mx\\\/#website\"},\"datePublished\":\"2024-08-06T21:50:50+00:00\",\"dateModified\":\"2026-03-27T17:59:45+00:00\",\"description\":\"Descubre los Planes de Estudio de Doctorado y adquiere conocimientos avanzados, habilidades de investigaci\u00f3n y especializaci\u00f3n en tu \u00e1rea profesional.\",\"breadcrumb\":{\"@id\":\"https:\\\/\\\/centrotrilingue.edu.mx\\\/planes-de-estudio-doctorado\\\/#breadcrumb\"},\"inLanguage\":\"es\",\"potentialAction\":[{\"@type\":\"ReadAction\",\"target\":[\"https:\\\/\\\/centrotrilingue.edu.mx\\\/planes-de-estudio-doctorado\\\/\"]}]},{\"@type\":\"BreadcrumbList\",\"@id\":\"https:\\\/\\\/centrotrilingue.edu.mx\\\/planes-de-estudio-doctorado\\\/#breadcrumb\",\"itemListElement\":[{\"@type\":\"ListItem\",\"position\":1,\"name\":\"Portada\",\"item\":\"https:\\\/\\\/centrotrilingue.edu.mx\\\/\"},{\"@type\":\"ListItem\",\"position\":2,\"name\":\"Planes de Estudio-Doctorado\"}]},{\"@type\":\"WebSite\",\"@id\":\"https:\\\/\\\/centrotrilingue.edu.mx\\\/#website\",\"url\":\"https:\\\/\\\/centrotrilingue.edu.mx\\\/\",\"name\":\"CENTRO UNIVERSITARIO TRILINGUE\",\"description\":\"\",\"publisher\":{\"@id\":\"https:\\\/\\\/centrotrilingue.edu.mx\\\/#organization\"},\"potentialAction\":[{\"@type\":\"SearchAction\",\"target\":{\"@type\":\"EntryPoint\",\"urlTemplate\":\"https:\\\/\\\/centrotrilingue.edu.mx\\\/?s={search_term_string}\"},\"query-input\":{\"@type\":\"PropertyValueSpecification\",\"valueRequired\":true,\"valueName\":\"search_term_string\"}}],\"inLanguage\":\"es\"},{\"@type\":\"Organization\",\"@id\":\"https:\\\/\\\/centrotrilingue.edu.mx\\\/#organization\",\"name\":\"CENTRO UNIVERSITARIO TRILINGUE\",\"url\":\"https:\\\/\\\/centrotrilingue.edu.mx\\\/\",\"logo\":{\"@type\":\"ImageObject\",\"inLanguage\":\"es\",\"@id\":\"https:\\\/\\\/centrotrilingue.edu.mx\\\/#\\\/schema\\\/logo\\\/image\\\/\",\"url\":\"https:\\\/\\\/centrotrilingue.edu.mx\\\/wp-content\\\/uploads\\\/2026\\\/04\\\/cropped-logo-26.png\",\"contentUrl\":\"https:\\\/\\\/centrotrilingue.edu.mx\\\/wp-content\\\/uploads\\\/2026\\\/04\\\/cropped-logo-26.png\",\"width\":1208,\"height\":206,\"caption\":\"CENTRO UNIVERSITARIO TRILINGUE\"},\"image\":{\"@id\":\"https:\\\/\\\/centrotrilingue.edu.mx\\\/#\\\/schema\\\/logo\\\/image\\\/\"},\"sameAs\":[\"https:\\\/\\\/www.facebook.com\\\/centrotrilingue\\\/\",\"https:\\\/\\\/x.com\\\/CTrilingue\",\"https:\\\/\\\/www.tiktok.com\\\/@centrotrilingue\",\"https:\\\/\\\/www.instagram.com\\\/centro_trilingue\\\/\"]}]}<\/script>\n<!-- \/ Yoast SEO plugin. -->","yoast_head_json":{"title":"Planes de Estudio-Doctorado - CENTRO UNIVERSITARIO TRILINGUE","description":"Descubre los Planes de Estudio de Doctorado y adquiere conocimientos avanzados, habilidades de investigaci\u00f3n y especializaci\u00f3n en tu \u00e1rea profesional.","robots":{"index":"index","follow":"follow","max-snippet":"max-snippet:-1","max-image-preview":"max-image-preview:large","max-video-preview":"max-video-preview:-1"},"canonical":"https:\/\/centrotrilingue.edu.mx\/planes-de-estudio-doctorado\/","og_locale":"es_ES","og_type":"article","og_title":"Planes de Estudio-Doctorado - CENTRO UNIVERSITARIO TRILINGUE","og_description":"Descubre los Planes de Estudio de Doctorado y adquiere conocimientos avanzados, habilidades de investigaci\u00f3n y especializaci\u00f3n en tu \u00e1rea profesional.","og_url":"https:\/\/centrotrilingue.edu.mx\/planes-de-estudio-doctorado\/","og_site_name":"CENTRO UNIVERSITARIO TRILINGUE","article_publisher":"https:\/\/www.facebook.com\/centrotrilingue\/","article_modified_time":"2026-03-27T17:59:45+00:00","twitter_card":"summary_large_image","twitter_site":"@CTrilingue","twitter_misc":{"Tiempo de lectura":"1 minuto"},"schema":{"@context":"https:\/\/schema.org","@graph":[{"@type":"WebPage","@id":"https:\/\/centrotrilingue.edu.mx\/planes-de-estudio-doctorado\/","url":"https:\/\/centrotrilingue.edu.mx\/planes-de-estudio-doctorado\/","name":"Planes de Estudio-Doctorado - CENTRO UNIVERSITARIO TRILINGUE","isPartOf":{"@id":"https:\/\/centrotrilingue.edu.mx\/#website"},"datePublished":"2024-08-06T21:50:50+00:00","dateModified":"2026-03-27T17:59:45+00:00","description":"Descubre los Planes de Estudio de Doctorado y adquiere conocimientos avanzados, habilidades de investigaci\u00f3n y especializaci\u00f3n en tu \u00e1rea profesional.","breadcrumb":{"@id":"https:\/\/centrotrilingue.edu.mx\/planes-de-estudio-doctorado\/#breadcrumb"},"inLanguage":"es","potentialAction":[{"@type":"ReadAction","target":["https:\/\/centrotrilingue.edu.mx\/planes-de-estudio-doctorado\/"]}]},{"@type":"BreadcrumbList","@id":"https:\/\/centrotrilingue.edu.mx\/planes-de-estudio-doctorado\/#breadcrumb","itemListElement":[{"@type":"ListItem","position":1,"name":"Portada","item":"https:\/\/centrotrilingue.edu.mx\/"},{"@type":"ListItem","position":2,"name":"Planes de Estudio-Doctorado"}]},{"@type":"WebSite","@id":"https:\/\/centrotrilingue.edu.mx\/#website","url":"https:\/\/centrotrilingue.edu.mx\/","name":"CENTRO UNIVERSITARIO TRILINGUE","description":"","publisher":{"@id":"https:\/\/centrotrilingue.edu.mx\/#organization"},"potentialAction":[{"@type":"SearchAction","target":{"@type":"EntryPoint","urlTemplate":"https:\/\/centrotrilingue.edu.mx\/?s={search_term_string}"},"query-input":{"@type":"PropertyValueSpecification","valueRequired":true,"valueName":"search_term_string"}}],"inLanguage":"es"},{"@type":"Organization","@id":"https:\/\/centrotrilingue.edu.mx\/#organization","name":"CENTRO UNIVERSITARIO TRILINGUE","url":"https:\/\/centrotrilingue.edu.mx\/","logo":{"@type":"ImageObject","inLanguage":"es","@id":"https:\/\/centrotrilingue.edu.mx\/#\/schema\/logo\/image\/","url":"https:\/\/centrotrilingue.edu.mx\/wp-content\/uploads\/2026\/04\/cropped-logo-26.png","contentUrl":"https:\/\/centrotrilingue.edu.mx\/wp-content\/uploads\/2026\/04\/cropped-logo-26.png","width":1208,"height":206,"caption":"CENTRO UNIVERSITARIO TRILINGUE"},"image":{"@id":"https:\/\/centrotrilingue.edu.mx\/#\/schema\/logo\/image\/"},"sameAs":["https:\/\/www.facebook.com\/centrotrilingue\/","https:\/\/x.com\/CTrilingue","https:\/\/www.tiktok.com\/@centrotrilingue","https:\/\/www.instagram.com\/centro_trilingue\/"]}]}},"jetpack_sharing_enabled":true,"_links":{"self":[{"href":"https:\/\/centrotrilingue.edu.mx\/wp-json\/wp\/v2\/pages\/416","targetHints":{"allow":["GET"]}}],"collection":[{"href":"https:\/\/centrotrilingue.edu.mx\/wp-json\/wp\/v2\/pages"}],"about":[{"href":"https:\/\/centrotrilingue.edu.mx\/wp-json\/wp\/v2\/types\/page"}],"author":[{"embeddable":true,"href":"https:\/\/centrotrilingue.edu.mx\/wp-json\/wp\/v2\/users\/3"}],"replies":[{"embeddable":true,"href":"https:\/\/centrotrilingue.edu.mx\/wp-json\/wp\/v2\/comments?post=416"}],"version-history":[{"count":4,"href":"https:\/\/centrotrilingue.edu.mx\/wp-json\/wp\/v2\/pages\/416\/revisions"}],"predecessor-version":[{"id":1093,"href":"https:\/\/centrotrilingue.edu.mx\/wp-json\/wp\/v2\/pages\/416\/revisions\/1093"}],"wp:attachment":[{"href":"https:\/\/centrotrilingue.edu.mx\/wp-json\/wp\/v2\/media?parent=416"}],"curies":[{"name":"wp","href":"https:\/\/api.w.org\/{rel}","templated":true}]}}